prime factors of d(z)?
2, 5, 29
Suppose -23 - 22 = -f - 5*n, 0 = 2*f - n - 57. Suppose -2*w - v - 6 = -f, -5*v = 0. List the prime factors of 639/w - 3/(-4).
2, 3
Let u = 21653 + 52441. What are the prime factors of u?
2, 3, 53, 233
Suppose -1126 = -3*f - 3*a + 12764, -4 = 2*a. List the prime factors of f.
2, 3, 193
Let z(s) = 116*s**2 + 2. Let o be z(1). Let q be (0/4 - o)/(4/(-6)). What are the prime factors of q/1 + (5 - 1)?
181
What are the prime factors of -6*((20468/(-70))/17)/((-4)/(-1555))?
3, 43, 311
Let z = 15 - 11. Let y = -6601 - -6928. Suppose -8*v + 7*v = -2*i + y, -4*i - z*v = -660. List the prime factors of i.
2, 41
Let s(c) = c**3 - 2*c**2 - 8*c - 7. Let w be s(4). Let i be (w + -275)/((-6)/4). Suppose -197 - i = -7*r. List the prime factors of r.
5, 11
Let d(x) = 3*x**2 - 2*x + 3. Let j be d(-9). Let l = -173 + j. Suppose -l*c - 57 = -94*c. List the prime factors of c.
19
Suppose -280 = a - 15*a. Let m(s) = s + 1. Let i(j) = -j**2 + 22*j + 45. Let b(q) = i(q) + 2*m(q). What are the prime factors of b(a)?
127
Suppose 15*b - 37*b + 34*b = 182172. List the prime factors of b.
17, 19, 47
Suppose -26*a + 186 = -29*a. Let m = a - -331. What are the prime factors of m?
269
Suppose 3*b = -5*l + 1571, b + l - 519 = -3*l. Let s be (-1)/(-6) + b/6. Let o = 7 + s. What are the prime factors of o?
5, 19
Let w(x) = -x**3 + 3*x**2 - 284*x - 5898. What are the prime factors of w(-23)?
2, 3, 11, 109
Suppose 0 = 9*u + 4*u. Suppose -3*i - 5*w = -4, 5*w - 20 = -5*i - u. What are the prime factors of i?
2
Suppose -2*m - 2*n - n = -8, -2*m + 3*n = -32. Let o be 4 + -1 + (-20)/m. Let j(g) = 201*g - 2. What are the prime factors of j(o)?
199
Let y be (3*(-3)/(-9))/(5/10). Suppose b + 5*u - 39 = -3*b, -y*b + 5*u = 3. Let z(n) = 9*n - 9. What are the prime factors of z(b)?
3, 5
Let p be ((-8)/(-16))/(2/3264). Suppose 3*g - 4*i - p = 0, -4*g - 4*i = -0*i - 1088. List the prime factors of g.
2, 17
Let o(v) be the second derivative of 38*v**4/3 + v**3/2 + v**2/2 + 28*v. Let z be o(2). Suppose 0*f - 5*f = -z. What are the prime factors of f?
3, 41
Suppose -i + 10 + 367 = -5*s, 3*i + 3*s = 1059. Suppose -i*f + 349*f + 14688 = 0. List the prime factors of f.
2, 3, 17
Suppose -2*k = 2*k + d + 45, 3*k - 3*d + 15 = 0. Let t be 2 + k/3 + 1/3. List the prime factors of 3/t + 90 + 1.
2, 11
Suppose -3*v + 42093 = 3*n, -8*v + 5*v + 42128 = 8*n. What are the prime factors of v?
2, 1753
Let y be -3*((-2512)/(-15) - (-2)/10). Let x = -128 - y. What are the prime factors of x?
3, 5
Let o be 6 - -8*(-3 - 42/(-12)). Suppose -o*h + 3197 - 137 = 0. List the prime factors of h.
2, 3, 17
Let d(c) = -70*c + 189. Let s(w) = -7*w - 1. Let r(h) = -d(h) + 6*s(h). List the prime factors of r(14).
197
Let j(p) = p**2 + p + 6. Let h be j(0). Suppose 0 = 2*r - h*r - 80. List the prime factors of (14/4)/(r/8 + 3).
7
Suppose 762*f - 378*f - 921973 = 371*f. List the prime factors of f.
70921
Let b = 142 - 139. Suppose -2*l - b*j + 785 = 0, 29*l = 32*l + 2*j - 1190. List the prime factors of l.
2, 5
Suppose -125*r + 130*r - 119848 = -3*w, 2*w + 3*r = 79898. What are the prime factors of w?
2, 19973
Let t(i) = -20*i + 31. Let l be t(-10). Suppose -18*b + 15*b = -l. List the prime factors of (0 - 2)*(3 - b/2).
71
Let h(s) be the second derivative of s**4/12 - s**3/3 + 9*s**2/2 - 20*s. List the prime factors of h(-10).
3, 43
Let c = -146 + 141. Let u(j) be the second derivative of -10*j**3/3 + 3*j**2/2 + 8*j. List the prime factors of u(c).
103
Let x = 20 - 16. Suppose -98 = -2*p - x*y, 48 = 2*p - 5*y - 5. What are the prime factors of p?
3, 13
Suppose 4*w - a = 2*w + 2697, 4*a = 4*w - 5388. Suppose -4*y + w = -y. List the prime factors of y.
2, 3, 5
Let i(g) = 2*g**3 + g**2 - 1. Let m be i(-1). Let s(t) = -272*t**3 + 91*t**3 + 87*t**3 + 90*t**3 + 3*t + t**2 + 7 + 4*t. List the prime factors of s(m).
29
Let n(h) = -6*h + 35. Suppose -7*i + 3*i - 16 = 0. Let t(w) = -7*w + 36. Let m(d) = i*n(d) + 3*t(d). What are the prime factors of m(16)?
2
Let m(j) = -37*j**3 - 29*j**2 - 38*j - 9. List the prime factors of m(-7).
11527
Let i be (-2)/(-12) - (13832/48)/19. What are the prime factors of 849/i*(-10)/2?
283
Suppose -3*q = 3*t - 3, -2*t = -5*t + 5*q - 29. Let a(p) be the first derivative of -8*p**2 - 7*p - 425. List the prime factors of a(t).
41
Let y = 13 + -8. Suppose u = -i + 4, 7 = -i - y*u + 3. List the prime factors of i/(-2) + (23 - -52).
2, 3
Let b(c) = 2*c**2 - 5*c - 30. Let u be (-3 - (-8 - 3))*(-3)/(-4). Let j be b(u). Suppose 2*v + f - 23 = j, -15 = -v + 2*f. What are the prime factors of v?
17
Suppose -104*z - 34*z = -1019268. List the prime factors of z.
2, 3, 1231
Suppose -3*c - r = -2155, -3*c - 11*r + 2140 = -7*r. What are the prime factors of ((-26)/(-6))/(8/c)?
2, 3, 5, 13
Suppose 2*s + 921 = -0*s + 3*r, 4*r - 1382 = 3*s. Let k be (-6)/10 - s/70. Let x(v) = 46*v - 61. What are the prime factors of x(k)?
5, 43
Let r be ((-29)/87)/(1/(-213)). Suppose 361 = 2*g + r. What are the prime factors of g?
5, 29
Let z be (2 + (-182)/98)/((-2)/(-12866)). Suppose -29020 = -19*y - z. What are the prime factors of y?
3, 17, 29
Let u(k) = k**2 + 4*k - 5. Let l be u(-7). Suppose -8 = -l*t + 280. List the prime factors of t.
2, 3
Let g(x) = -334*x - 882. List the prime factors of g(-26).
2, 47, 83
Let i(l) be the second derivative of l**6/360 + 97*l**4/24 + 29*l**3/6 + 25*l. Let p(q) be the second derivative of i(q). What are the prime factors of p(0)?
97
Let a(m) = 9 + 113 - m + 7 + 0*m. What are the prime factors of a(32)?
97
Let k(q) = 35*q - 77. Suppose -7 = 5*w + 3, -w = -4*v + 34. List the prime factors of k(v).
7, 29
Suppose 101268 = 5*j + 3*a, -2*j + 13381 = 2*a - 27123. List the prime factors of j.
2, 3, 211
Let k = 80 + -76. Let r be -3 - (-18*k/(-8) - 4). Let q(h) = h**2 - 11*h - 32. List the prime factors of q(r).
2, 3, 5
Let f be -9*3*(-12)/162. Let g be -3*1/2*-4. Suppose -596 = f*a - g*a. List the prime factors of a.
149
Let n(y) = 1347*y**2 + 18*y - 147. List the prime factors of n(-6).
3, 7, 2297
Suppose 3*t = 2*m - 13817 + 2472, 0 = -3*t + 15. What are the prime factors of m?
2, 5, 71
Suppose 37*s - 40*s = 378. Let r = 127 + s. What are the prime factors of 152/r - ((-12)/(-4) + -3)?
2, 19
Suppose -4*m = -3*r - 12, -5 + 25 = -5*r - 5*m. Let b(a) = 3*a**2 + 3. Let t be b(5). What are the prime factors of (-17 + 15)/(r/t)?
3, 13
Let q = 13154 - 7742. What are the prime factors of q?
2, 3, 11, 41
Let u be 2/13 - (-6)/((-78)/(-6043)). Let y = u - -231. List the prime factors of y.
2, 3, 29
Let q(n) = -13*n - 106. Let j be q(-9). Suppose -j*s = -4*z - 16*s + 5317, 5314 = 4*z + 2*s. What are the prime factors of z?
2, 83
Let z(c) = -2*c**2. Let g be z(1). Let d be -4 + (-6)/g + 253. Suppose -5*r + k = -d - 7, 2*r - 82 = -5*k. List the prime factors of r.
3, 17
Suppose 0 = 2*u - 0*u + 3*q - 231, 5*u + 4*q = 567. Let z = u - 156. Let i = 112 + z. List the prime factors of i.
67
Suppose 37*x - 15246 = 639025. List the prime factors of x.
17683
Let w(x) = 34*x - 203. Let j(l) = -100*l + 608. Let v(r) = -2*j(r) - 7*w(r). List the prime factors of v(-37).
3, 179
Let p be (-1)/((-3)/6)*7. Let t be 4/(8/p)*-1. What are the prime factors of t/(21/(-432)) - 1?
11, 13
Let l = 13694 - -4896. What are the prime factors of l?
2, 5, 11, 13
Suppose 27*l = -126*l + 808605. What are the prime factors of l?
5, 7, 151
Suppose -51*c + 129328 + 117459 + 377861 = 0. What are the prime factors of c?
2, 1531
Suppose t = 4*t - 6, -3*t = 5*d - 6691. Suppose -5*i + 755 = 4*y - 576, -2*y - d = -5*i. List the prime factors of i.
3, 89
Let k(d) = d**3 + 6*d**2 + 13*d + 60. Let x be k(-5). Suppose 3*v - 10 - 8 = 0. Let y = v + x. What are the prime factors of y?
2, 13
Let p = -241 + 241. Suppose -4*g + 19 = -3*h - 9, -3*h = p. What are the prime factors of g?
7
Suppose -3*c + 30 = -6. What are the prime factors of 1*372 + (c/3 - 7)?
3, 41
Let s = 41828 + 9049. What are the prime factors of s?
3, 5653
List the prime factors of 1*((-784196)/(-14))/2.
7, 4001
Suppose -2*q - 5*q = 0. Suppose g - 91 = p + p, q = p + g + 47. Let c = p + 82. List the prime factors of c.
2, 3
Let j(f) = 9*f**3 - 16*f**2 + 58*f - 22. What are the prime factors of j(19)?
5, 11, 17, 61
Suppose -5*z + 49219 = l, -40*l = -z - 44*l + 9840